, x = 2*g + 4*u - 2142. What is the thousands digit of g?
1
Let l be (0/(-6 - -10))/(-1*1). Suppose l = 3*a - 7*a. Suppose i = -5, -3*z + 339 = -a*z + 3*i. What is the units digit of z?
8
Suppose -7*v + 2*l = -11*v + 13608, -12*v + 5*l = -40868. What is the units digit of v?
4
Let l(q) = -14*q + 3. Let n be l(0). Suppose 0 = -n*s + j + 4136, -5*j + 1414 = 4*s - 4088. What is the thousands digit of s?
1
Let g(a) = -69*a + 710. What is the hundreds digit of g(-33)?
9
Let h(v) = 3*v**3 - v**2 - 8. Let l be h(4). Suppose -l = -4*i - 0*i. Let k = i + -30. What is the units digit of k?
2
What is the thousands digit of 16589/1 + (-5)/35*-2*14?
6
Let b(i) = i**3 + 16*i**2 + 16*i + 9. Let s be b(-15). Let n be s/9 + -21*(-8)/36. Suppose l = u + 97, -3*l + n*u + 279 = 5*u. What is the units digit of l?
4
Suppose 2*m - 6*m + 202 = 2*r, 0 = -2*m + 10. Suppose 2*a - 8*v + 11*v = r, a - 38 = -4*v. What is the tens digit of a?
5
Let p(x) = -x**3 + 20*x**2 + 26*x + 10. Let n = -3 - -24. What is the tens digit of p(n)?
1
Suppose 18*r - 13*r + 28120 = 5*g, -3*g + r = -16872. What is the tens digit of g?
2
Let a(x) = x - 3. Let w(z) = -z + 5. Let s(p) = 7*a(p) + 3*w(p). Let j be s(2). Suppose -j*y - y = -204. What is the units digit of y?
8
Let b be 12/10 + (-5)/(150/(-24)). Suppose b*r - 426 - 4304 = 0. Suppose -365 = 10*w - r. What is the hundreds digit of w?
2
Let u(l) = -l**2 + 19*l - 71. Let y be u(9). Let i = 239 + y. What is the units digit of i?
8
Let u(k) = -k**3 + 7*k**2 - 12*k + 10. Let p be u(6). Let n = -13 - p. What is the units digit of n?
3
Let j(z) = -81*z - 839. What is the tens digit of j(-11)?
5
Let p = -2088 + 4389. What is the tens digit of p?
0
Let h be 123/18 + (-2)/(-12). Suppose -9*p - 30 = -h*p. Let s = p + 19. What is the units digit of s?
4
Let h = -5829 + 12293. What is the thousands digit of h?
6
Let z = -23 - -34. Suppose -i + 4*x + z + 1 = 0, 123 = 4*i - x. Suppose -i = -3*k + 79. What is the tens digit of k?
3
Suppose -4*t - 835 = -y, -3*y + 8*t + 2570 = 9*t. Suppose w - 3*z + 85 = 374, -3*w - 3*z = -y. What is the tens digit of w?
8
Suppose -38*k - 53*k = -561106. What is the hundreds digit of k?
1
Let x be (-2)/(-1 + (-255)/(-257)). Let i = x + -12. What is the units digit of i?
5
Let q = 53279 - 15352. What is the tens digit of q?
2
Let l be (3/(-1) - 2)*174/145. Let f(y) = -57*y + 52. What is the hundreds digit of f(l)?
3
Suppose -124*h - 1771 = -117*h. Let v = -59 - h. What is the tens digit of v?
9
Let j be (-2 + 0)/((-1)/(-4)). Let p(h) = -20*h + 104. What is the hundreds digit of p(j)?
2
Let f = 199 - 199. Let s(k) = -k**3 + 3*k**2 + k + 1178. What is the units digit of s(f)?
8
Let h(q) = 237*q + 1056. What is the ten thousands digit of h(127)?
3
Suppose r + 2*j + 596 = -194, 3187 = -4*r + j. Let a = r - -1388. What is the units digit of a?
2
Suppose -w - 4*g = 9, 15*g + 6 = -2*w + 11*g. What is the tens digit of 5 + (1 + (-861 - w))/(-1)?
6
What is the hundreds digit of (708/120)/(-59) + 164102/20?
2
Suppose 0 = 44*x - 51*x + 11851. Let j = 3005 - x. What is the thousands digit of j?
1
What is the units digit of -2 + 20 + -27 + (-3 - -7204)?
2
Suppose -150218 = -3*x - 373*k + 377*k, -100107 = -2*x - 5*k. What is the tens digit of x?
6
Suppose -83*l + 493891 = -212259 + 172543. What is the tens digit of l?
2
Suppose -32 = -3*x - 4*g, 0 = -10*x + 5*x - 2*g + 30. Let w(i) = 7*i**3 - 7*i**2 - 5*i + 9. What is the hundreds digit of w(x)?
3
Suppose -j = 2*t - 84700, 27*t + 42350 = 28*t - 4*j. What is the tens digit of (t/(-33) + 8)*(-6)/4?
1
Suppose -81*q + 84*q = 4*d - 15146, 3803 = d + 2*q. What is the tens digit of d?
9
What is the tens digit of 10 - (-39 - (-5 - 3))?
4
Let p be ((0/4)/2)/(-13 + 14). Suppose 155*t - 144*t - 10846 = p. What is the tens digit of t?
8
Suppose -64 = -29*o - 6. Suppose -2*q + 7*q = -o*y + 570, -q - 1479 = -5*y. What is the tens digit of y?
9
Suppose -22*b - 71*b = 24*b - 909090. What is the units digit of b?
0
Let u = 17 + 16. Suppose u = -4*z + 217. Let o = 83 - z. What is the tens digit of o?
3
Suppose -10297 = 18*r - 211897. What is the units digit of r?
0
Let b(q) = 7*q**3 - 7*q - 7. Let f be b(-1). What is the hundreds digit of (-1932)/(-23)*(-48)/f?
5
Let h(f) = -32*f + 37. Let i be h(-17). Suppose -2*l + 283 = 2*x - i, 0 = 5*l - 5*x - 2200. What is the units digit of l?
6
Let i be 46/(-23)*(-1 - 2/2). Suppose -5*a + 51 = 2*b - i*a, -4*a = 5*b - 132. What is the tens digit of b?
2
Let c = 8997 + -6260. What is the hundreds digit of c?
7
Suppose 3*n + c - 24327 = 0, -4*n + 24*c - 29*c = -32403. What is the units digit of n?
2
Let v = 5 - 5. Let j = 227 + -224. Suppose 0*m - 97 = -4*l + j*m, v = 4*l + 5*m - 105. What is the tens digit of l?
2
Let n = -185 - -144. Let g = 144 + n. What is the units digit of g?
3
Let y = 8400 + -1434. What is the hundreds digit of y?
9
Suppose 175*t = 317*t - 170*t + 390376. What is the hundreds digit of t?
9
Let x be (4/(-16))/((-2)/32). Suppose -2*t - 942 = -x*i, -2*i + 4*t - 133 = -595. What is the units digit of i?
7
Suppose -42719 = -5*o + 3*q, -2*q = 5*o - 33031 - 9673. What is the hundreds digit of o?
5
Suppose -100*l - 10112 + 75312 = 0. What is the units digit of l?
2
Let k = 106 + -102. Let z be ((-942)/k)/((-6)/8). Let f = z - 182. What is the tens digit of f?
3
Let z = 71 + -22. Suppose o + 2 = 0, 4*p - 44 = -4*o - 12. Suppose p = -l + z. What is the tens digit of l?
3
Let c be -1*(6 - (361 - 1)). Let f = -232 + c. What is the tens digit of f?
2
Suppose 362 = -3*s + 1073. Let u = s - 207. What is the tens digit of u?
3
Suppose -2*z - p = 2*z - 25999, -4*z = 3*p - 25989. What is the thousands digit of z?
6
Suppose 8*m = 10*m - 4968. Suppose 0 = -3*x + 9*x - m. Suppose -156 = -5*o + x. What is the units digit of o?
4
Suppose 390 = -20*o - 90. Let u be (-2 + -1)*260/(-6). Let q = o + u. What is the tens digit of q?
0
Let a(b) be the third derivative of -14*b**2 + 0 + 7/3*b**3 + 1/8*b**4 + 0*b. What is the tens digit of a(8)?
3
Let m be 11*(1 + 1)*-12. Let y = 21054 - 21621. Let g = m - y. What is the hundreds digit of g?
3
Suppose -c = -14 - 0. Suppose -5*p = -4*m + 40, 0*p - 3*p - 12 = 0. Suppose -1386 = -c*j + m*j. What is the hundreds digit of j?
1
Let c(r) = r**3 + 9*r**2 + 3*r + 25. Let i be c(-9). Let j(y) = -324*y - 32. What is the hundreds digit of j(i)?
6
Let m(c) = -7*c**2 + 15*c + 31. Let k(w) = 20*w**2 - 44*w - 94. Let j(q) = -6*k(q) - 17*m(q). Let h be j(7). Suppose -9 = 2*r - h. What is the tens digit of r?
2
Let g be (400/125)/((-4)/10). What is the units digit of 2*((-19295)/(-150) - g/(-60))?
7
Let x = -1201 + 9426. What is the units digit of x?
5
Let a = 54303 - 17482. What is the tens digit of a?
2
Let h = 360 - 217. Let x be 2 + 4*5/4. Suppose x*n - h = 4. What is the tens digit of n?
2
Let k = -14952 + 23740. What is the thousands digit of k?
8
Let b(c) = -c**3 - 8*c**2 + c + 10. Let n be b(-7). Let a = 42 + n. What is the units digit of (34/a - 0)*-4?
4
Let s be (204/5)/(40/100). Let x(c) = c**3 - 7*c**2 - 6*c + 2. Let w be x(9). Let b = w - s. What is the units digit of b?
8
Let y be (675/(-150))/((-6)/40). What is the units digit of ((-36)/y*3 - -4)*3065?
6
Let f = -2817 + 2812. Let a = 100 + -150. Let b = f - a. What is the units digit of b?
5
Let y(n) = 179*n + 1231. What is the units digit of y(57)?
4
Let g(v) = 4*v + 30. Let c(r) = 4*r + 29. Let w(m) = 5*c(m) - 4*g(m). Let u(s) = -57*s**2 + 3477*s + 5. Let d be u(61). What is the tens digit of w(d)?
4
Let v = 1956 + -1841. Suppose -3*h + 4*h - 4*o - 1062 = 0, -h + 3*o = -1064. Suppose -v = -5*u + h. What is the hundreds digit of u?
2
Let o(y) = y**2 + y + 3. Let s be o(0). Suppose s*q - 3 = 9. Suppose -i + q*k + 171 = 4*i, 0 = -4*i + k + 128. What is the units digit of i?
1
What is the units digit of 3 - (8778/(-28) + -3)/((-2)/(-60))?
8
Let b = -6167 - -13276. What is the units digit of b?
9
Let h be (8/16)/((-6)/(-4))*-9. What is the hundreds digit of 366 - (4 - (h - -5))?
3
Suppose -2*w + 118 = 5*l - 3027, -4*l - 4*w + 2516 = 0. Let r = -312 + l. Suppose 3*x = 4*q + 487, -4*q + r = 2*x + q. What is the hundreds digit of x?
1
Suppose -2*v - 42 = -5*v. Let i(g) = 3*g - 40. Let n be i(v). Let k(f) = 27*f**2 + 2*f - 3. What is the units digit of k(n)?
9
Let f(u) = -2*u